. Suppose 4*r - 7*r - 12 = v, -z + 1273 = r. List the prime factors of z.
1277
What are the prime factors of (405/2)/(99/(-409596)*-29)?
2, 3, 5, 107
Let n(h) be the third derivative of -h**6/60 - h**5/10 + 5*h**4/24 + 11*h**3/6 - 9*h**2. Suppose -i = 2*g + 3, g = -0*g + 1. List the prime factors of n(i).
2, 43
Let p(x) = -x**3 - 9*x**2 - x - 2. Suppose 0 = -2*c - 4 - 14. Let b be p(c). Suppose 0 = b*n - 2*n - 290. List the prime factors of n.
2, 29
Suppose -5*s + 24 = -o, -5*s + 2*o + 1 = -27. Suppose 0 = -4*b + s, -4*v = -b - 2100 - 1551. List the prime factors of v.
11, 83
Let h = -195 + 203. Suppose 0 = 15*t - h*t - 1260. What are the prime factors of t?
2, 3, 5
Suppose -16 + 12 = -2*f. Suppose f*s = 5*b + 310, -4*b - 367 - 84 = -3*s. List the prime factors of s.
5, 29
Let y(a) be the second derivative of a**5/10 - a**4/4 + a**3/2 - 3*a**2 - 16*a. Let p be y(4). Suppose 11*c - p = 9*c. What are the prime factors of c?
43
Suppose 0 = -4*k + 6*p - 3*p + 73, 5*k - 99 = -4*p. Let b = k + -19. List the prime factors of 206/(-4)*(b + -2).
103
Suppose 2*t - 364 = -4*s - 0*t, -5*t = -3*s + 286. Suppose 102*f = s*f + 1210. List the prime factors of f.
11
Let b be (-2)/(6/4 - 2). Suppose b*n - 109 = -13. List the prime factors of n/9*(-54)/(-24).
2, 3
Let g(l) = -l**3 + l. Let m be g(0). Suppose m = 19*r - 26*r + 1561. What are the prime factors of r?
223
Suppose 5*f = n - 24440, 16*n - 14*n = 5*f + 48890. What are the prime factors of n?
2, 3, 5, 163
Let t(u) = 9*u + 18. Let b be t(-2). Suppose o = -5*d + 357, b*d - 1739 = -5*o - 2*d. Let c = o - 157. List the prime factors of c.
2, 5, 19
Let w = 579 + -575. Suppose 0 = -w*k + a + 6584, 0 = 13*a - 11*a - 8. List the prime factors of k.
3, 61
Let q = -2806 - -4542. Suppose 67*x = 63*x + q. List the prime factors of x.
2, 7, 31
Suppose -2*s = -v + 817, v - 3*v - 3*s + 1655 = 0. Let q = 1741 - v. What are the prime factors of q?
2, 3, 17
Suppose -4*i = 4*a - 80 - 28, 4*i = -2*a + 62. Suppose -165 = -a*z + 4665. List the prime factors of z.
2, 3, 5, 7
Let a be (-2 - -3) + (2 - -1). Suppose a*j + 606 = 7*j. Suppose 7*k = 5*k + j. What are the prime factors of k?
101
Let a = -10 + 17. Let f(p) = p**3 + 27*p**2 + 84. Let r be f(-27). List the prime factors of ((-158)/(-3))/(a/(r/8)).
79
Let u(j) = -4*j + 6. Let n be u(-3). Let z = n + -18. Suppose -10*t + 48 + 62 = z. What are the prime factors of t?
11
Let i(r) = -r - 1. Let f(j) = j**3 + 5*j**2 + 7*j + 20. Let d(g) = -f(g) - 5*i(g). Suppose 0 = 43*t + 440 - 139. What are the prime factors of d(t)?
97
Let w(r) = 1659*r**2 + 10*r - 19. List the prime factors of w(2).
6637
Let f be 22/165 + 176/30. Let c be (8/2)/(7/(-70)). List the prime factors of f/(-15) - 1696/c.
2, 3, 7
Let w(k) = -59*k - 87. Let z be w(9). Let g = 1793 + z. List the prime factors of g.
5, 47
Suppose -7*r - 32160 = -3*o, -30*o = -28*o - 3*r - 21435. What are the prime factors of o?
3, 3571
What are the prime factors of 2/((-19344)/48410 + ((-847)/(-55) - 15))?
47, 103
Let y = 36 + -34. Suppose y*p = -4 + 6. What are the prime factors of p/(-4) + 4830/24 + 5?
2, 103
Let b(o) = -o + 8. Let i be b(4). Suppose 5*r = -2*m - 11, 2*r + r + 1 = -i*m. Suppose t + m*t + 88 = d, 4*d = -2*t + 338. What are the prime factors of d?
5, 17
Suppose -3*o - 3*s = -603, 0 = -0*o + 2*o - 3*s - 392. Let b = -301 + o. Let u = -86 - b. What are the prime factors of u?
2
Let o = -33174 - -76604. What are the prime factors of o?
2, 5, 43, 101
Suppose -3*k = 4*f - 148 - 110, -4*k - 181 = -3*f. Let u = f - 77. List the prime factors of (4 - (-1287)/21) + 4/u.
5, 13
Let b = 741 + -745. List the prime factors of (b + 904/(-3))*-3.
2, 229
Suppose -6*k + 16 = 2*k. List the prime factors of k/(12/18 + (-732)/1125).
5
Let h be (-2)/(-4) - (-77)/22. Suppose -4*y = h*c - 608, -6*c + y + 790 = -c. What are the prime factors of c?
157
Let s be (59/2 + -2)*(-24)/12. Let h = s + 56. Suppose g - 3 = h. What are the prime factors of g?
2
Suppose -5*o = -5*p + 15760, 4*p + o + 9468 = 7*p. What are the prime factors of p?
2, 1579
Let c be 16/(-12)*-2*5844/(-16). List the prime factors of (-2)/(4/c) - (-25)/(-5).
2, 241
Suppose -2*y = y - 441. Suppose -4*z = -34 + 26, 2*v - 4*z = -124. Let g = v + y. List the prime factors of g.
89
Suppose 47*d = -46 + 234. Suppose -d*l + l = -4866. List the prime factors of l.
2, 811
Let v be 56/(-6) - 3/(-9). Let z be 141*(-3 - 30/v). Suppose 4*n - i = z, -n = -3*n + 5*i + 1. What are the prime factors of n?
13
Let p(h) = 585*h + 179. What are the prime factors of p(5)?
2, 97
Suppose 4*m + a = -383, 4*m + 5*a + 397 - 18 = 0. Let v = -96 - m. Suppose v*p + p = -u + 156, p - 5*u = 162. List the prime factors of p.
157
Let l = 16 + -20. Let h(b) = -b**3 - 5*b**2 - 6*b - 4. Let t be h(l). Suppose -t*f - 3*y = -371 - 108, -4*f + 485 = y. What are the prime factors of f?
2, 61
Let k(l) = -29*l**2 - 3*l - 1. Let m be k(-1). Let g = -21 - m. Suppose 0 = -0*h + 3*h + g, 5*n - 320 = 5*h. List the prime factors of n.
2, 31
Let n(c) = -c**3 - 4*c + 4. Let i be n(3). Let h = i + 39. Suppose -v + 5*k + 180 = 0, 2*v - 900 = -3*v + h*k. What are the prime factors of v?
2, 3, 5
Suppose 4*v - v = -3*f + 15, 2*v = 0. Let k be 233/(-5) - 2/f. Let q = -3 - k. What are the prime factors of q?
2, 11
Let p(r) = 452*r - 198. List the prime factors of p(22).
2, 11, 443
Let x = 355 - 249. Suppose -t = -4*h - 82, 148 = 3*t - 4*h - x. List the prime factors of t.
2, 43
Suppose -4*z - 5*z + 189 = 0. Suppose -2*t + 19 = v - 1, 3*t = 3*v + z. What are the prime factors of t/(-18)*(-3 + 2)*466?
233
Suppose -4329 = -18*y + 5*y. What are the prime factors of (2 - 1)/(((-36)/(-4))/y)?
37
Let k = -5874 - -6003. Let a(u) = -54*u**3 + 2*u**2 - 1. Let c be a(-1). Let j = k + c. What are the prime factors of j?
2, 23
Let t be 144/63 - (-4)/(-14). Suppose -5*x + 177 = -2*x + g, -114 = -2*x - t*g. Suppose 65*a - x*a = 390. What are the prime factors of a?
2, 3, 13
What are the prime factors of ((-4)/6)/(3/(897633/(-22)))?
9067
Suppose 0 = 181*j - 139*j - 699678. What are the prime factors of j?
3, 617
List the prime factors of (0 - 4)*((-192213)/84 + 9).
3, 1013
Let i = -16737 + 25039. List the prime factors of i.
2, 7, 593
Let t be (-5)/(2*5/(-10)). Suppose 0 = -6*u + t*u + g - 1, 5*u + 3 = 3*g. Suppose u = -5*n + 202 + 1053. List the prime factors of n.
251
Let v(z) = -2*z**2 - 2*z**2 + 36*z - 50 + 3*z**2. Let s(y) = 2*y**3 + 57*y**2 + 33*y + 164. Let l be s(-28). List the prime factors of v(l).
2, 7, 17
Let d(s) = s**2 + 8*s - 4. Let y be d(-8). Let i be (39/(-26))/((-2)/y). What are the prime factors of i/1 - (0 + -138)?
3, 5
Suppose -5*z = 2*f - 11498, -2*f + 4*f = -4*z + 11500. What are the prime factors of f?
2, 3, 7, 137
Suppose -6462 + 121227 = 21*m. List the prime factors of m.
5, 1093
Suppose 40*u - 35353 - 74047 = 0. Suppose 4*z + 5*a = 5477, a = -2*z + 2*a + u. What are the prime factors of z?
2, 3, 19
Let l(m) = -m**3 + 12*m**2 + 10*m - 7. Suppose 18 = 5*w - 2*w - 2*j, w - 3*j = 6. What are the prime factors of l(w)?
269
Let w = 1 + 6. Suppose 5*g - w*g + 10 = 0. Suppose -m = -g*y - 49, -2*m + 94 = -5*y + 6. What are the prime factors of m?
3, 13
Suppose 324*i - 2136068 - 7125342 = 94*i. List the prime factors of i.
67, 601
Suppose -181*t + 15768 = -177*t + 3*x, 4*t - 15784 = x. What are the prime factors of t?
3, 5, 263
Suppose 0 = 2*f - 9*f - 49. Let y be (-3)/(15/20) - f. Suppose 11*d - 824 = y*d. List the prime factors of d.
103
Let g(l) = 19*l**2 + 7*l - 10. Let a be g(4). Suppose 0 = i + 5*s - a, i + 3*i = s + 1204. What are the prime factors of i?
2, 151
List the prime factors of 14*(-6)/(-21) + (5568 - 3).
5569
Let b = 91529 - 45396. What are the prime factors of b?
46133
Let v(u) = 17*u**2 + 48*u - 302. List the prime factors of v(11).
3, 761
Let q(r) be the first derivative of 5*r**3/3 + 16*r**2 + 11*r - 71. List the prime factors of q(-9).
2
Suppose 0 = 5*f - 2*g - 29, -5*g - 13 = -f - g. Let d = 10 + -10. Suppose d = f*c + 10, 5*q = c - 16 + 153. List the prime factors of q.
3
List the prime factors of 7/(42/(-537))*(-95 - 1).
2, 3, 179
Suppose -2235 = 4*p + 5*y, 3*p - 6*y + 8*y = -1678. Let q = -266 - p. List the prime factors of q.
2, 3, 7
Let a = 91 + -97. Let v(l) = -40*l - 74. What are the prime fact